s w(-5)?
-47
Let w(j) = -2*j**3 + 36*j**2 + 77*j + 85. Determine w(20).
25
Let y(r) = 64*r + 693. Calculate y(-15).
-267
Let t(g) = -518*g**3 - 3*g**2 + 3*g - 1. Determine t(1).
-519
Let n(r) = -2*r**3 - 23*r**2 - 62*r + 9. Calculate n(-5).
-6
Let i(h) = 7*h**2 + 242*h - 104. Determine i(-35).
1
Let w(z) = -z**2 + 14*z - 16. Give w(0).
-16
Let y(h) = -10*h**2 + 292*h - 56. What is y(29)?
2
Let u(j) = j**3 + 437*j**2 + 1301*j - 8. Determine u(-3).
-5
Let j(z) = 5*z**2 + 1059*z + 2117. Give j(-2).
19
Let j(q) = 136*q - 44. Give j(-2).
-316
Let j(p) = 7*p**2 + 313*p - 123. Give j(-45).
-33
Let n(w) = -33*w - 3086. Determine n(-93).
-17
Let t(g) = g**3 - 10*g**2 + 2*g - 1. Give t(10).
19
Let h(p) = 678*p - 2045. Determine h(3).
-11
Let a(r) = -316*r - 39200. What is a(-124)?
-16
Let m(d) = -d**2 + 137*d + 673. What is m(-5)?
-37
Let o(r) = r**2 + 39381*r + 275622. Calculate o(-7).
4
Let s(i) = 10*i**2 - 70*i + 15. What is s(7)?
15
Let l(c) = -7*c**2 + 282*c - 47. Give l(40).
33
Let k(c) = -2*c**2 - 56*c - 47. Give k(-26).
57
Let d(y) = 237*y + 4831. Give d(-20).
91
Let w(u) = -u**3 + 10*u**2 + 62*u - 27. Calculate w(14).
57
Let o(k) = 476*k - 1824. Calculate o(4).
80
Let b(z) = -z**3 + 89*z**2 - 93*z + 435. Determine b(88).
-5
Let p(h) = 2*h**2 - 10*h - 6. What is p(6)?
6
Let s(z) = -5*z**3 - 27*z**2 + 14*z + 134. What is s(-5)?
14
Let j(q) = 3*q**3 - 2*q**2 + 13*q - 19. What is j(3)?
83
Let d(h) = -2*h**3 - 9*h**2 + 56*h - 9. What is d(4)?
-57
Let b(f) = -4*f + 14. Calculate b(5).
-6
Let a(f) = 28*f - 712. Calculate a(25).
-12
Let j(r) = 6*r**3 + 13*r**2 - 52*r - 161. Determine j(-2).
-53
Let z(k) = -3467*k - 20803. Calculate z(-6).
-1
Let o(n) = 958*n + 3931. Calculate o(-4).
99
Let r(k) = 6*k - 346. Give r(57).
-4
Let b(i) = -3*i + 7. Give b(20).
-53
Let z(w) = 239*w + 204. Give z(-1).
-35
Let u(l) = 5*l**2 - 353*l + 218. Give u(70).
8
Let h(q) = q**2 + 30*q - 348. Calculate h(-39).
3
Let o(x) = 2*x**2 - 493*x + 3800. Give o(8).
-16
Let r(w) = -w**3 + 190*w**2 + 201*w - 1905. Calculate r(191).
5
Let z(m) = -37*m**2 + 108*m + 15. Determine z(3).
6
Let a(v) = -405*v + 1624. Determine a(4).
4
Let f(r) = 2441*r - 70784. Calculate f(29).
5
Let h(x) = 5*x**2 + 113*x + 65. Give h(-22).
-1
Let g(q) = q**3 - 24*q**2 + 13*q + 207. Give g(23).
-23
Let j(s) = 1944*s - 5853. Determine j(3).
-21
Let d(j) = -2*j**2 + 238*j + 2561. Determine d(-10).
-19
Let d(b) = b**3 - 29*b**2 + 70*b - 1176. Give d(28).
0
Let h(x) = 2*x**3 + 21*x**2 - 21*x - 42. Calculate h(-11).
68
Let y(p) = -p**2 - 82*p + 12. Determine y(0).
12
Let w(o) = -369*o + 5902. Give w(16).
-2
Let v(y) = -3*y**2 - 313*y + 222. Give v(-105).
12
Let a(d) = -33*d + 380. Determine a(13).
-49
Let c(a) = -a**2 + 37*a - 67. Calculate c(28).
185
Let v(n) = -3516*n - 3521. Calculate v(-1).
-5
Let m(h) = -h**3 + h**2 - h - 568. Calculate m(0).
-568
Let i(g) = -10*g - 20. What is i(-12)?
100
Let g(j) = -218*j - 1743. Give g(-8).
1
Let d(q) = q**2 - 5*q - 13. Calculate d(13).
91
Let h(k) = k**2 - 81*k - 1169. Calculate h(-12).
-53
Let x(c) = -2*c**2 - 21*c - 110. Give x(-5).
-55
Let p(b) = 142*b - 571. Give p(4).
-3
Let o(s) = 33*s + 68. Give o(11).
431
Let d(j) = -578*j - 23171. Determine d(-40).
-51
Let y(g) = 7*g**3 - 2*g**2 - 4*g - 6. What is y(-2)?
-62
Let t(u) = -343*u - 4792. Give t(-14).
10
Let t(f) = 1234*f + 12353. Determine t(-10).
13
Let k(s) = -56*s + 28. What is k(0)?
28
Let t(q) = 6*q**3 - 86*q**2 + 215*q + 57. Give t(11).
2
Let d(a) = 48*a + 227. What is d(-5)?
-13
Let b(p) = 2*p - 30. Determine b(15).
0
Let v(m) = -m**3 - 25*m**2 + 73*m + 373. Calculate v(5).
-12
Let m(g) = g**2 - 87*g - 4740. Give m(125).
10
Let n(a) = -307*a - 635. What is n(-2)?
-21
Let l(w) = -787*w - 6278. Give l(-8).
18
Let k(f) = -639*f + 23637. Calculate k(37).
-6
Let w(r) = -16*r - 647. Determine w(-11).
-471
Let m(j) = 35*j**2 + 15*j - 17. Give m(1).
33
Let l(q) = 8*q**2 - 427*q + 581. Calculate l(52).
9
Let w(b) = -23*b + 36. Determine w(-5).
151
Let j(m) = -m**2 + 62*m - 329. Determine j(56).
7
Let h(n) = 3*n**2 + 160*n + 122. Calculate h(-51).
-235
Let p(z) = -2*z**2 + 3583*z - 24971. Calculate p(7).
12
Let l(n) = 6*n**2 + 34*n + 27. Calculate l(-6).
39
Let c(b) = -b**3 + 19*b**2 - 62*b - 2. Determine c(15).
-32
Let m(k) = -43*k - 37. Calculate m(-2).
49
Let h(o) = 150*o + 1532. Give h(-10).
32
Let x(f) = -63*f**2 + 48*f + 9. Give x(-2).
-339
Let u(o) = -259*o + 1. Give u(-1).
260
Let y(l) = 18*l**2 - 29*l + 29. Determine y(1).
18
Let a(o) = -12*o**2 - 16*o - 11. What is a(-2)?
-27
Let w(p) = 53*p**3 + 2*p**2 - 3. What is w(1)?
52
Let l(f) = 237*f + 1277. Give l(-5).
92
Let n(h) = 2*h**2 + 72*h - 316. Determine n(-40).
4
Let l(p) = -5*p**3 - 277*p**2 + 1378*p - 117. Calculate l(-60).
3
Let t(q) = 12*q**2 - 313*q + 2035. Determine t(13).
-6
Let b(x) = -x**3 - 17*x**2 - 27*x + 2. Give b(-15).
-43
Let t(k) = 89*k - 194. Give t(5).
251
Let v(b) = 74*b - 48. Determine v(1).
26
Let u(p) = 2602*p + 10415. What is u(-4)?
7
Let u(x) = -x**3 + 10*x**2 - 5*x + 39. Determine u(8).
127
Let i(h) = -2*h + 163. What is i(26)?
111
Let p(l) = 2*l**3 + 44*l**2 - 90*l - 72. Calculate p(-24).
-216
Let j(p) = 4*p**2 + 259*p + 1568. Determine j(-58).
2
Let u(f) = -192*f + 1594. Calculate u(8).
58
Let j(f) = -2*f**2 - 76*f + 95. Determine j(-41).
-151
Let v(i) = i**3 - 15*i**2 - 57*i + 7. Give v(18).
-47
Let k(q) = -48*q**2 - 421*q + 94. Calculate k(-9).
-5
Let l(m) = -m**2 - 103*m - 1980. What is l(-26)?
22
Let g(a) = 63*a + 413. Calculate g(-7).
-28
Let i(y) = -7*y**3 - 44*y**2 - 10*y + 22. Determine i(-6).
10
Let x(v) = 3*v**3 - 50*v**2 - 19*v - 41. Give x(17).
-75
Let a(v) = v**3 + 39*v**2 + 41*v + 17. Give a(-38).
-97
Let l(c) = 28*c - 79. Calculate l(4).
33
Let f(w) = 51*w - 7941. Determine f(155).
-36
Let l(f) = -f**3 - 111*f**2 - 1670*f + 337. Determine l(-93).
-35
Let h(f) = -3*f**2 - 113*f - 1069. What is h(-20)?
-9
Let u(n) = -n**3 + n**2 - 7*n - 12. Determine u(5).
-147
Let o(u) = -11*u - 58. What is o(-16)?
118
Let q(u) = -u**2 + 7*u + 104. What is q(-7)?
6
Let r(q) = -2*q**2 - 105*q - 130. What is r(-51)?
23
Let y(n) = -n - 95. What is y(-10)?
-85
Let z(h) = -h**3 - 8*h**2 + 5*h + 30. Calculate z(-5).
-70
Let o(w) = -9*w + 434. Give o(46).
20
Let x(g) = 45*g + 1089. Give x(-23).
54
Let w(i) = 4*i**2 + 1118*i + 25903. Determine w(-254).
-5
Let m(y) = y**3 + 9*y**2 + 2*y - 27. Determine m(-10).
-147
Let v(h) = -26*h + 438. What is v(17)?
-4
Let y(u) = 2*u**3 - 8*u**2 - 3*u + 19. Determine y(5).
54
Let m(v) = -v**2 + 627*v - 1888. Determine m(3).
-16
Let q(i) = 6*i**3 + 124*i**2 + 195*i + 45. Give q(-19).
-50
Let g(s) = -448*s + 4483. Give g(10).
3
Let s(v) = 25*v + 557. What is s(-22)?
7
Let v(j) = j**2 - 75. What is v(-6)?
-39
Let h(p) = p**3 - 46*p**2 - 38*p + 62. Determine h(47).
485
Let g(c) = -1379*c - 3967. Calculate g(-3).
170
Let u(r) = -r**3 + 10*r**2 + 4*r - 11. Give u(12).
-251
Let g(a) = a**3 - 12*a**2 + 51*a - 88. Determine g(3).
-16
Let a(s) = -3*s**2 - 26*s + 62. Determine a(-13).
-107
Let k(l) = l**3 - l**2 - 20*l - 39. What is k(-2)?
-11
Let k(m) = 117*m**2 - 220*m - 37. What is k(2)?
-9
Let o(r) = 104*r - 665. Calculate o(9).
271
Let y(b) = b**2 + 27*b + 49. Calculate y(-2).
-1
Let r(x) = -x**2 + 109*x - 990. Determine r(10).
0
Let u(s) = -52*s + 1574. Calculate u(31).
-38
Let l(a) = -a**3 - 15*a**2 - 55*a + 18. What is l(-8)?
10
Let z(s) = -571*s - 101638. Determine z(-178).
0
Let p(d) = d**2 - 187*d - 4354. Calculate p(208).
14
Let a(g) = 96*g + 688. Determine a(-7).
16
Let r(j) = 143*j + 2285. Give r(-16).
-3
Let a(y) = -y**2 - 240*y + 4897. Calculate a(19).
-24
Let w(c) = -17*c**2 - 140*c + 685. What is w(6)?
-767
Let i(j) = j**3 + 30*j**2 + 150*j + 134. Determine i(-5).
9
Let x(c) = 2*c**3 + 40*c**2 - 39*c + 17. What is x(-21)?
-46
Let n(i) = i**2 + 125*i + 3882. What is n(-58)?
-4
Let k(i) = 8*i**2 - 618*i + 358. Calculate k(77).
204
Let h(g) = -7*g**2 + 89*g - 69. Give h(12).
-9
Let h(o) = -18*o**2 - 163*o + 3. What is h(-9)?
12
Let w(g) = -77*g**3 + 4*g**2 + 2*g. Give w(-1).
79
Let p(l) = -61*l**2 + 324*l - 98. Determine p(5).
-3
Let o(r) = 29607*r + 1. What is o(0)?
1
Let v(c) = -c**3 - 4*c**2 - 38*c - 269. Calculate v(-6).
31
Let v(n) = -957*n - 21073. Calculate v(-22).
-19
Let a(i) = -i**3 +